 + 2*h. Calculate y(k).
-8
Let z(o) = -18*o**2 - o - 33. Let u(w) = -13*w**2 - w - 22. Let i(b) = 7*u(b) - 5*z(b). Give i(-5).
-4
Let g(q) = 8*q + 3. Let x(c) = 16*c + 7. Suppose 4*f - 22 = 5*d, d - f - 1 = 3*d. Let a(j) = d*x(j) + 5*g(j). Determine a(-1).
-7
Let s = 23 + -16. Let z(k) = -2 - 7 - k**2 + s*k + 0. Determine z(6).
-3
Let n(v) = -2*v**2 + 5*v - 2. Let l(m) = 2*m - 7. Let o be l(5). Suppose -o*w + 12 = w. What is n(w)?
-5
Let m(b) = b**2 + 13*b + 24. Suppose -5*i - 40 = -i. What is m(i)?
-6
Let c(d) = -d**3 - 4*d**2 + 10*d - 6. Suppose 5*m = 3*q + 23, 9*q - 21 = 12*q - 3*m. Calculate c(q).
6
Let a(h) = 3*h**3 + h + 1. Suppose 4*c + 100 = -c. Let l = c - -19. Determine a(l).
-3
Suppose -31 + 91 = -12*v. Let r be (v/1 - 9)/(2 - 4). Let j(y) = y**2 - 6*y + 2. What is j(r)?
9
Let c(t) be the first derivative of t**4/24 - 3*t**3/2 - 7*t**2/2 - 1. Let b(x) be the second derivative of c(x). Determine b(5).
-4
Let l(o) = -o**2 - o - 3. Let j(s) = -5 + 3 - 15*s - 2 + 14*s. Let k be j(-1). Determine l(k).
-9
Let s(x) = x**3 - 8*x**2 - 2*x - 4. Let w(y) = -9*y**3 - 2*y**2 + 1. Let l be w(-1). What is s(l)?
-20
Let z be ((-27)/12 - -1)*-4. Let l(t) = t**2 + 4*t + 3. Let g be l(-4). Let m(f) = 5*f**2 + 0 + 5*f**g - 3 - 6*f**3. Give m(z).
-3
Let h(r) be the third derivative of -r**6/120 + r**5/30 - r**4/24 + r**3/6 - 2*r**2. Suppose -s - 4*a - a - 23 = 0, -5*s - a = -5. Determine h(s).
-1
Let c(n) = -n**3 - 11*n**2 + 5*n - 23. Let y(r) = 2*r**3 + 22*r**2 - 9*r + 47. Let k(w) = -13*c(w) - 6*y(w). Suppose 0 = -6*u - 34 - 38. Calculate k(u).
5
Let c(y) = -13*y. Let k(l) = 3*l. Let s(n) = 2*c(n) + 9*k(n). Suppose -6*m + 4*m = 84. Let i = 44 + m. Give s(i).
2
Let t(y) be the first derivative of -y**6/360 + y**5/30 + y**4/8 - 4*y**3/3 - 4. Let i(j) be the third derivative of t(j). Let l = 13 - 10. What is i(l)?
6
Let q be (-34)/(-8) - (-7 - (-261)/36). Let k(o) = o**3 - 4*o**2 - 5*o + 3. What is k(q)?
-17
Let y(k) = 17*k + 9*k - 39*k + 46. What is y(4)?
-6
Let a(t) be the first derivative of 2*t**3/3 - t**2 - 3*t - 390. Let q be (-16)/6 - 4/(-6). Determine a(q).
9
Suppose -2 = 2*i + 8. Let x(t) = -2*t**2 - 4*t + 14. Let p(d) = -d**2 - 2*d + 6. Let a(k) = i*p(k) + 2*x(k). What is a(-3)?
1
Let a(k) = 2*k + 2. Suppose -20 = -5*h, 4*h - 11 = t + 2. Give a(t).
8
Let n(l) = l**2 - 7*l + 3. Let d = -682 - -687. Calculate n(d).
-7
Let v(g) = -3 + g**3 + 47*g**2 - 5 - 8*g - 54*g**2. Give v(8).
-8
Let v be 5 + (-3 - (2 + -4 - -2)). Let t(y) be the first derivative of y**4/4 - y**3/3 + y**2 - y - 1. Calculate t(v).
7
Let n(m) = m - 6. Let k(o) = o**3 - o**2 - 24*o - 17. Let p be k(-4). Calculate n(p).
-7
Let d(p) = p + 1. Let k(i) = i**3 + 6*i**2 + 3*i - 3. Let l be k(-4). Let n be l*-3*(-1)/(-3). Let f = -14 - n. Determine d(f).
4
Let p(t) be the third derivative of t**6/360 - t**5/15 - t**4/4 - 20*t**3/3 + 2*t**2 - 2. Let d(k) be the first derivative of p(k). What is d(8)?
-6
Let s(j) = 8*j - 56. Let a(l) = -7*l + 45. Let x(q) = 3*a(q) + 2*s(q). Calculate x(6).
-7
Let g(n) = 38 - 7 - 17 + 9*n + n**2. Give g(-6).
-4
Let z(q) = -4*q**2 - 7*q + 4. Let i(r) = -7*r**2 - 15*r + 6. Let u(j) = -3*i(j) + 5*z(j). What is u(-9)?
-7
Let i(d) = -6*d + 6. Let n(s) = -s + 5. Let y(r) = i(r) - 3*n(r). What is y(-4)?
3
Let n(m) be the second derivative of -5*m**4/12 - m**2/2 - 19*m + 1. Calculate n(2).
-21
Let h(v) = v**3 + 3*v**2 + 3*v. Suppose -6 = 212*m - 209*m. What is h(m)?
-2
Suppose 26*r + 23 = 101. Let z(m) = -3*m + 3. Determine z(r).
-6
Let w(t) be the first derivative of -7/2*t**2 + 1/12*t**4 - 2/3*t**3 - 5 - 3*t. Let q(y) be the first derivative of w(y). What is q(5)?
-2
Suppose 0*a - 5 = a. Let u(b) = -b**2 - 11*b - 3. Calculate u(a).
27
Let y(r) = -6 + r + 0*r + 4 - 6. Let q(f) = -6*f**3 - f**2 + 1. Let n be ((-4)/(-6))/(6/(-9)). Let b be q(n). What is y(b)?
-2
Suppose 57 = -u + 71. Let q(k) = u + 15 - 38 - k + 13. Calculate q(7).
-3
Let q(k) = k**3 - k**2 - 3*k - 4. Let p be q(3). Let m(r) = 2*r**2 - p*r**2 - r**3 - 2*r**2. Let l(t) = 2*t + 165. Let z be l(-85). What is m(z)?
0
Let t be ((352/40)/(-11))/(4/(-10)). Let a(c) = -c**2 - 1. Give a(t).
-5
Suppose -135 = -5*c + 95. Suppose -3*i + 3*f + 13 = c, -4*f + 53 = -5*i. Let o(b) = -b**3 - 8*b**2 + 9*b + 4. What is o(i)?
4
Let o(f) = -4 - 98*f + 85*f + 2. Calculate o(1).
-15
Let n = -11 - -20. Let s be 3/4*(-5 + n). Let o(a) = 7*a**2 + 5*a**2 - s - 11*a**2 + 4. Calculate o(-2).
5
Let j(a) = -4*a + 4. Let p(b) = 4*b - 3. Suppose 3*d - 9 + 0 = 0. Suppose 4*f = d*f - 2. Let w(i) = f*j(i) - 3*p(i). Calculate w(-3).
13
Let d = -8 - -5. Let j(f) be the third derivative of 5/24*f**4 - 8*f**2 + 0 + 1/2*f**3 + 0*f. Determine j(d).
-12
Let m(z) = z**3 + 12*z**2 - 12. Let h = 95 + -99. Let s(f) = f**3 + 11*f**2 + f - 11. Let u(j) = h*m(j) + 5*s(j). Calculate u(-6).
-1
Let y = -20 - -20. Let h(x) = x**2 - x + 52*x**3 - 53*x**3 - 7 + 23. What is h(y)?
16
Let c(r) = -1 - 4 - r**2 + 0 + 5*r. Let n be -4*2/(-8)*(10 + 1). Let t = -7 + n. Determine c(t).
-1
Let m(g) = -9*g**2 - 9*g - 6. Let r(h) = -7*h**2 - 7*h - 5. Let w(q) = -3*m(q) + 4*r(q). Determine w(2).
-8
Let x(f) = f**3 - 3*f**2 - f - 5. Let v(z) = z**2 + 10*z + 4. Let w be v(-10). What is x(w)?
7
Let x be 62/22 - (-10)/55. Suppose -u = 5*k - 31, x*u + k - 13 = 2*k. Let d(r) = -r + 4 + 4*r - 3 - 5*r. Calculate d(u).
-11
Let i be (-4)/(2*1/(-3)). Let w(b) = b**2 - 6. Let g be w(-3). Let k(l) = 57*l - 50*l - l**2 + 0*l**2 + g. Calculate k(i).
9
Let n(z) = z**3 - z**2 - z - 8. Suppose -j = 3*j - 16, 0 = -5*c - 3*j + 62. Let x be 6/c - 9/15. Give n(x).
-8
Let h = -3 + 14. Suppose 0 = -3*r + h + 7. Let c(a) = 30 + 455*a**2 - 456*a**2 + 7*a - 38. Calculate c(r).
-2
Suppose 2*p - 44 = -2*p. Let k be 228/(-44) - (-2)/p. Let j(u) = -1 - u + 1. Determine j(k).
5
Let v = -2 - -10. Let m(z) = -7*z + v*z - 2 - 5 + 4. Let s = 24 - 24. Give m(s).
-3
Let t(m) = -m. Let c(p) = -4. Let r(s) = c(s) - 3*t(s). Give r(-4).
-16
Let p(n) = n**3 - n**2 - 6*n + 3. Suppose 0 = 2*w + 3 - 11. Give p(w).
27
Let x(p) = -3*p - 24. Let n be -4 + -7 + (-12)/(-3). Let z be x(n). Let l(h) = 4*h + 3. Calculate l(z).
-9
Let m(i) be the first derivative of 21*i**2/2 + 3*i + 25. Calculate m(1).
24
Let b(v) = -v**3 + 4*v**2 - 3*v + 6. Let g = -29 + 31. Suppose g*l - 6 = 2. Determine b(l).
-6
Let x(v) = v**2 + 17*v + 12. Let h be x(-17). Let q(l) = 5*l - 4*l**2 + 0*l**2 - 14 + h + 5*l**2. Let d(s) = -5*s + 1. Let z be d(1). Give q(z).
-6
Let a(f) = f**3 - 8*f**2 + 4*f + 19. Let b be a(7). Let n(s) = s**3 + 2*s**2 + 2. Determine n(b).
2
Suppose -32*y = -31*y - 4. Let m(o) = 5*o**2 - 7*o + 2. Let h(z) = 4*z**2 - 6*z + 2. Let p(g) = y*h(g) - 3*m(g). Determine p(3).
2
Let s(a) = a**3 - 6*a**2 + 7*a + 5. Let r be 60/6 + -8 + 4. Give s(r).
47
Suppose 11*w - 3*w = 256. Let j(h) = -w + 6*h + 27 - 8*h. What is j(-5)?
5
Let k be 1*1/(-2)*(2 + -6). Let m(h) = -19 + h**3 - h + 4*h**2 + 17 - h**2 + k*h. Give m(-2).
0
Let y = -40 - -42. Let b(c) = -1 - 2*c**y + 7*c**2 - 4*c - 4*c**2. Determine b(4).
-1
Let c(g) = -5*g**3 - 7*g**2 + 8*g - 1. Let w(t) = 4*t**3 + 6*t**2 - 6*t. Let h(r) = -3*c(r) - 4*w(r). Determine h(-4).
19
Let u(d) = -119*d**2 + 10*d + 37*d**2 - 1 + 35*d**2 + 50*d**2. Determine u(-5).
24
Let v(d) be the second derivative of d**4/12 - 5*d**3/6 - d**2/2 + 5*d. Let t(q) = 2*q**2 + 31*q + 13. Let y be t(-17). Let r = y - 61. Give v(r).
-7
Let r be (90/(-4))/9*-2. Let b be ((-2)/r)/((-6)/(-90)). Let q(l) be the second derivative of -l**4/12 - l**3 + l**2 - 4*l. What is q(b)?
2
Let t(u) = 2*u + 1. Let x be t(-5). Let s(l) = -3968*l - 3966*l - 11 + 7933*l. Give s(x).
-2
Let r(z) = -4*z**2 - 7*z + z**2 + 7*z**2 - 4*z + 10*z. Let s = -2 - -3. Give r(s).
3
Let z(x) = 3 - 155*x - 5 + 158*x + 1. Calculate z(3).
8
Let d be ((-72)/14)/((-2)/14). Suppose 5*p - d = -p. Let t(k) = k**3 - 5*k**2 - 5*k - 5. Determine t(p).
1
Let q(o) = -o - 6. Suppose 8*p - 3*p - 160 = 0. Suppose 5*h - 3*t = p, -h - 16 = 6*t - t. Suppose h*j + 8 = -5*a, -4*j - 8 = -4*a + a. Give q(a).
-6
Let h(c) = 4*c**2 + 10*c - 5. Let m(k) = 5*k**2 + 11*k - 6. Let s(i) = 4*h(i) - 3*m(i). Suppose -5*u - 38 + 9 = 2*o, -4*o = -3*u - 33. Calculate s(u).
-2
Suppose 7*y + 40 = 9*y + 4*w, 3*y = -2*w + 44. Let p(h) = -h**3 + 11*h**2 + 15*h - 25. What is p(y)?
11
